Let k = -8 + 10. What are the prime factors of k*3*2/(-12) - -94?
3, 31
Let c be -6 + 11 - (-2 - -3). What are the prime factors of 96/40*70/c?
2, 3, 7
List the prime factors of (6/(-4) + (-19256)/16)*-1.
5, 241
Let p be -3 + (0 + 1205)/5. Suppose 0 = 5*h - 4*b - 354, 0 = -3*h - 2*b - 30 + p. List the prime factors of h.
2, 5, 7
Let g(z) be the first derivative of -5*z + 4/3*z**3 + 3/2*z**2 - 11. What are the prime factors of g(-4)?
47
Let k(d) = -120*d + 679. List the prime factors of k(-10).
1879
Let m = 79 + 1146. List the prime factors of m.
5, 7
Let d(b) = 9*b - 17. Let f be d(-4). Let a = f - -204. What are the prime factors of a?
151
Suppose -3*f - 3*b + 1143 = 0, -2*f = -4*f - 5*b + 750. Suppose -6*n + f = -n. List the prime factors of n.
7, 11
Let q(g) = -15*g - 1. Suppose 3*d - 3*c + 40 = -2*c, 0 = -3*c - 6. List the prime factors of q(d).
11, 19
Let y be 3/(-6)*13/((-39)/(-2268)). List the prime factors of (y/(-15))/(3/(-75)*-5).
2, 3, 7
Let m(f) = -f**3 - 4*f**2 + 2*f - 3. Let p be m(-4). Let x be p/(-22)*(43 + 1). Suppose 1 = o + 4*w - 11, 2*w - x = -o. List the prime factors of o.
2
What are the prime factors of 1/((-31058)/(-5176) - 8 - -2)?
2, 647
Suppose 2*n - 18 = 2. Let g(d) = d**2 - 11*d + 14. Let s be g(n). Suppose -136 = -4*v + s*b - 0*b, b + 98 = 3*v. List the prime factors of v.
2
Suppose 211 - 223 = -r. Suppose -r*o - 71 = -13*o. List the prime factors of o.
71
Let v be ((-24)/36)/(4/(-18)). Let n(j) = -j**3 + 2*j**2 + 3*j + 1. Let d be n(v). What are the prime factors of d + 14 + 0/4?
3, 5
Let o(y) = -y**2 - 13*y - 5. Let a be (2 + -10)*9/(-24). Suppose -x + 2*b = -6, a*x - 3*b - 5 = -2. List the prime factors of o(x).
31
Let l(x) = x - 8. Let a be l(8). Suppose 63*m - 66*m + 84 = a. List the prime factors of m.
2, 7
Let y = -377 + 680. What are the prime factors of y?
3, 101
Let o = 2441 - 762. What are the prime factors of o?
23, 73
Let h(q) = -4*q + 7. Let u be h(-10). Let z = 217 - u. List the prime factors of z.
2, 5, 17
Let l(a) = 3*a**2 - 7*a + 38. What are the prime factors of l(-11)?
2, 239
What are the prime factors of (30880/(-30))/(-4)*3?
2, 193
Suppose 410 = -6*m + 6344. List the prime factors of m.
23, 43
Suppose 14*i - 8 = 12*i. Suppose n - 195 = -2*n + i*x, 5*n + x - 302 = 0. What are the prime factors of n?
61
Let v be 343/245 + (-2)/((-20)/6). Suppose 0 = 3*g + k - 694, -v*k - 1142 = -3*g - 2*g. List the prime factors of g.
2, 5, 23
Suppose -4*p + 8364 = -p. What are the prime factors of p?
2, 17, 41
Let f(w) = w**3 - w**2 + 4*w + 2540. List the prime factors of f(0).
2, 5, 127
Suppose -z = 5*p - 2*z - 32020, 10 = 2*z. List the prime factors of p.
3, 5, 7, 61
Let z(d) = -132*d - 547. List the prime factors of z(-30).
3413
Let u = -169 - -193. List the prime factors of u.
2, 3
Let s be 4/18 + (-34)/(-9). Suppose -y + 25 = s*y. Suppose -y*g + 2*g = -33. List the prime factors of g.
11
Suppose -3*t + 4*y + 256 = -0*y, 4*y - 224 = -3*t. Let j = t + -22. What are the prime factors of j?
2, 29
Let w(c) = 16*c - 4. Let a be w(3). Let m be (11/(a/360))/(-1). What are the prime factors of ((-24)/10)/(12/m)?
2, 3
Suppose -276 = -4*w - 4*p, 3*w - 3*p - 189 = -0*p. What are the prime factors of (36/(-6))/((-9)/w)?
2, 11
Let g(q) = 33*q**2 + 15*q - 55. What are the prime factors of g(-13)?
7, 761
Let u(q) = 167*q**2 - q + 4. What are the prime factors of u(3)?
2, 47
Let g(m) = -m**3 - 15*m**2 + 16 + 6*m - 4 - 7*m + 13. List the prime factors of g(-15).
2, 5
Suppose -a + 2 = 5. Suppose 2*r + 10 = -g + 5*r, -4*g + 20 = 3*r. What are the prime factors of (-47)/a - g/(-6)?
2
Suppose 2*i + 3*i + 150 = 0. Let c be 57 - (6/(-10) - (-16)/10). Let g = c + i. What are the prime factors of g?
2, 13
Let i = 569 - 541. List the prime factors of i.
2, 7
Let j = 3 - 41. Let b be j/9 + 12/54. Let m(k) = -k**3 - 2*k**2 + 2*k - 5. What are the prime factors of m(b)?
19
Suppose 99*m - 90*m = 13581. List the prime factors of m.
3, 503
Suppose -3*w = 5*l - 2834 - 2190, 2*l + 3*w = 2015. List the prime factors of l.
17, 59
Let p(y) = -y**2 + 9*y + 5. Let d be (-69)/2*6/(-9). Suppose -5*n + d + 7 = 0. What are the prime factors of p(n)?
23
Let i(t) = -2*t**3 + 6*t**2 - 3*t + 2. Let j be i(4). Let h be (-296)/(-7) - (-12)/j. List the prime factors of (-1)/((16/h)/(-8)).
3, 7
Suppose -14*a + 333 = -17*a. Let h = 86 - a. What are the prime factors of h?
197
Suppose -5*c = -3*r - 0*c + 3, -4*c = -3*r + 6. Suppose r*q + 25 = 11*q. Suppose -q*h = -4*h - 21. What are the prime factors of h?
3, 7
What are the prime factors of (-1744)/(-6) - 23/(-69)?
3, 97
Suppose -52*o + 51*o - 7 = 0. Let x = -3 + 21. Let d = o + x. What are the prime factors of d?
11
Let f be 0/2 + (1 - -1)*-4. List the prime factors of (-348)/f*(0/3 - -2).
3, 29
Suppose 0 = -i + 2*q - 5, -i = 2*q - 11. Suppose s - 4*n = 76, -4*s + i*n + 329 = s. What are the prime factors of s?
2
Let k = -116 - -118. Suppose d + r + 1010 = 6*d, 407 = k*d - r. List the prime factors of d.
3, 67
Suppose -7*j - 1917 = -10*j. What are the prime factors of j?
3, 71
Let y(j) = 8*j - 65. What are the prime factors of y(17)?
71
Let t(m) = 17*m**2 + 20*m + 65. What are the prime factors of t(-11)?
2, 3, 317
Suppose -3*i + 2*x = -847, -346 - 489 = -3*i - 4*x. List the prime factors of i.
281
Suppose 4*s = -s + 20. Suppose -f - 11 = -s. List the prime factors of ((-6)/f)/((-10)/(-35)).
3
Let n be (-1)/(-3)*3 + 415. Let r be 8/28 + n/14. What are the prime factors of 6*(-2)/4 + r?
3
Suppose 5*p = 5*i + 186 + 194, 4*p - 312 = -4*i. Suppose 4*f - 5*o = 83, 2*o = 3*f + 13 - p. What are the prime factors of f?
2, 11
Let m = -12 - -14. Let o(t) = -m*t + 0 + 46*t**2 + 2 + 2*t**2 + 0. What are the prime factors of o(1)?
2, 3
Let v be 4/6 - (-176)/33. Suppose j + 4*s - v*s - 158 = 0, 0 = j - 5*s - 146. What are the prime factors of j?
2, 83
Let y(q) be the first derivative of -3*q**2/2 - 12*q - 7. Let p be y(0). Let k = 28 + p. List the prime factors of k.
2
Let x(u) = 3*u**3 + 62*u**2 + 55*u + 35. Let p(g) = -g**3 - 21*g**2 - 18*g - 12. Let j(d) = 8*p(d) + 3*x(d). List the prime factors of j(-16).
5, 37
Suppose -5*k = -2*w + 1135, 3 - 1 = -2*k. What are the prime factors of w?
5, 113
Let k = -460 - -1153. List the prime factors of k.
3, 7, 11
Let m = -4480 + 7800. List the prime factors of m.
2, 5, 83
List the prime factors of (66/(-5))/(12 + (-22515)/1875).
2, 3, 5, 11
Let v(r) be the second derivative of r**4/4 - 2*r**3 - 17*r**2/2 - 2*r + 1. What are the prime factors of v(10)?
163
Let s = 4868 - 1790. List the prime factors of s.
2, 3, 19
Let u = 19 + -17. Suppose u*s + 3 = -5. What are the prime factors of (-2)/6*s*6?
2
Let y(x) = -638*x - 16. What are the prime factors of y(-3)?
2, 13, 73
Let l = 309 + 95. What are the prime factors of l?
2, 101
Suppose 465 = k + 2*v + v, -1804 = -4*k + 2*v. List the prime factors of -4 + -1 + k/3.
2, 73
Suppose -91*u = -76*u - 17070. List the prime factors of u.
2, 569
Let h(j) = -j**3 - 8*j**2 - 7*j - 3. Let c be h(-7). Let r be -2 + (0 - -9) + c. Suppose -i + 4*g = 2, -7*i + 38 = -2*i + r*g. List the prime factors of i.
2, 3
Let i(v) = 3*v**2 + 27*v + 21. Let b = -31 - -20. List the prime factors of i(b).
3, 29
Let y = -211 - -314. List the prime factors of y.
103
Suppose 0 = r + i + 6, -2*r - 3*r = 4*i + 31. Let g = r + 3. Let a = g - -8. What are the prime factors of a?
2
Suppose 2*x + i = -16, 2*x = -2*i - 3*i. List the prime factors of 24/16*20*x/(-2).
2, 3, 5
Let t be ((-1)/3)/(7/(-609)). Let n = t - 27. Suppose 4*g - 5*a = n*g + 28, 2*a = g - 14. What are the prime factors of g?
2, 7
Suppose 39 = -n + 4*n - 5*l, -3*n + 4*l + 42 = 0. Let h be (n/24)/((-2)/(-128)). Suppose -m - h = -4*m. What are the prime factors of m?
2
What are the prime factors of (6/(-4)*-4)/(60/18400)?
2, 5, 23
Let s(x) = 242*x - 95. What are the prime factors of s(5)?
5, 223
Let w be -2*(0 + -2) - 0. Let o be w/(-6) - 70/(-15). Suppose -o*h - 3*i = 2*i - 112, -3*i + 35 = h. List the prime factors of h.
23
Let q be (4/10)/((-13)/65). What are the prime factors of 226*q*(-2)/8?
113
Suppose g = 13 - 6. Let c(u) = 5 + 5 + 0*u**2 + 7*u**2 - u - u**3. What are the prime factors of c(g)?
3
Suppose -3*k = -54 - 99. Suppose 8 = -4*h, 5*g - 4*h - k = 12. What are the prime factors of g?
11
Let 